 of 27 and 351?
27
What is the greatest common divisor of 46 and 1334?
46
Calculate the highest common factor of 8 and 6.
2
Calculate the greatest common factor of 48 and 3816.
24
Calculate the highest common divisor of 192 and 32.
32
Calculate the greatest common divisor of 737 and 66.
11
Calculate the highest common factor of 160 and 40.
40
What is the greatest common divisor of 385 and 245?
35
Calculate the greatest common divisor of 1529 and 139.
139
What is the highest common divisor of 1250 and 150?
50
Calculate the greatest common divisor of 12 and 528.
12
What is the highest common factor of 2750 and 110?
110
What is the highest common divisor of 65 and 480?
5
What is the highest common divisor of 1222 and 234?
26
What is the highest common divisor of 156 and 432?
12
What is the greatest common divisor of 2 and 175?
1
Calculate the greatest common factor of 51 and 204.
51
Calculate the highest common factor of 445 and 534.
89
What is the highest common factor of 53 and 53?
53
What is the greatest common divisor of 213 and 1349?
71
Calculate the highest common divisor of 42 and 70.
14
Calculate the highest common divisor of 520 and 70.
10
Calculate the highest common factor of 100 and 450.
50
Calculate the highest common divisor of 57 and 1539.
57
Calculate the highest common divisor of 7905 and 1085.
155
Calculate the highest common factor of 282 and 594.
6
What is the greatest common divisor of 4095 and 13?
13
Calculate the highest common factor of 68 and 51.
17
Calculate the greatest common divisor of 14 and 182.
14
Calculate the highest common factor of 16 and 272.
16
Calculate the highest common divisor of 529 and 92.
23
What is the greatest common divisor of 301 and 860?
43
Calculate the highest common divisor of 43692 and 132.
132
Calculate the highest common divisor of 10 and 570.
10
Calculate the greatest common factor of 126 and 8638.
14
What is the greatest common factor of 79 and 7031?
79
Calculate the greatest common divisor of 1 and 199.
1
What is the greatest common factor of 30 and 20?
10
What is the greatest common divisor of 200 and 55?
5
Calculate the highest common divisor of 1566 and 576.
18
Calculate the greatest common divisor of 3924 and 90.
18
Calculate the greatest common factor of 69 and 345.
69
Calculate the highest common factor of 357 and 231.
21
Calculate the greatest common divisor of 4184 and 8.
8
What is the greatest common factor of 708 and 3?
3
What is the greatest common factor of 25 and 85?
5
What is the greatest common divisor of 329 and 1022?
7
What is the highest common divisor of 24 and 102?
6
What is the highest common factor of 3 and 771?
3
Calculate the highest common divisor of 17590 and 20.
10
What is the highest common factor of 72 and 120?
24
Calculate the highest common divisor of 22 and 286.
22
Calculate the greatest common divisor of 425 and 100.
25
What is the greatest common divisor of 23 and 2?
1
Calculate the highest common factor of 128 and 120.
8
What is the highest common divisor of 20696 and 13?
13
What is the greatest common factor of 611 and 94?
47
What is the greatest common divisor of 2769 and 208?
13
Calculate the highest common divisor of 33 and 2409.
33
Calculate the greatest common factor of 1905 and 15.
15
What is the highest common divisor of 38 and 3097?
19
Calculate the greatest common factor of 553 and 7.
7
Calculate the greatest common divisor of 370 and 28712.
74
What is the greatest common divisor of 29 and 377?
29
Calculate the highest common divisor of 130 and 1118.
26
What is the highest common divisor of 2268 and 12?
12
Calculate the greatest common divisor of 6369 and 772.
193
What is the highest common divisor of 64 and 200?
8
What is the highest common factor of 30 and 810?
30
Calculate the greatest common factor of 25 and 1850.
25
Calculate the greatest common divisor of 11 and 3.
1
What is the greatest common divisor of 158 and 553?
79
What is the greatest common divisor of 1053 and 1287?
117
What is the greatest common factor of 294 and 6321?
147
Calculate the highest common factor of 399 and 114.
57
What is the highest common divisor of 10740 and 60?
60
Calculate the highest common divisor of 1209 and 39.
39
What is the highest common factor of 33 and 27?
3
Calculate the greatest common divisor of 17 and 187.
17
What is the highest common divisor of 8 and 332?
4
What is the highest common factor of 2097 and 9?
9
What is the greatest common factor of 30 and 2400?
30
Calculate the highest common factor of 144 and 192.
48
Calculate the highest common factor of 3993 and 33.
33
What is the highest common divisor of 133 and 49?
7
What is the highest common divisor of 1457 and 93?
31
Calculate the highest common factor of 694 and 4.
2
What is the highest common divisor of 96 and 492?
12
Calculate the greatest common divisor of 3846 and 3.
3
Calculate the greatest common factor of 36 and 132.
12
What is the highest common divisor of 125 and 85?
5
What is the highest common factor of 26 and 13?
13
Calculate the highest common factor of 369 and 82.
41
What is the greatest common factor of 5 and 29?
1
Calculate the greatest common factor of 120 and 3300.
60
Calculate the greatest common divisor of 637 and 13.
13
Calculate the highest common factor of 399 and 95.
19
What is the highest common factor of 1817 and 4187?
79
Calculate the highest common divisor of 41 and 7831.
41
Calculate the highest common factor of 72 and 1746.
18
Calculate the highest common factor of 300 and 480.
60
What is the highest common divisor of 153 and 6579?
153
What is the highest common divisor of 7 and 581?
7
Calculate the greatest common divisor of 55 and 319.
11
Calculate the greatest common divisor of 250 and 12700.
50
Calculate the greatest common factor of 2548 and 20.
4
Calculate the greatest common factor of 289 and 340.
17
Calculate the highest common factor of 34 and 4420.
34
What is the highest common factor of 140 and 2464?
28
Calculate the highest common divisor of 70 and 140.
70
Calculate the highest common divisor of 40 and 1160.
40
What is the greatest common factor of 6 and 156?
6
Calculate the highest common factor of 6 and 48.
6
What is the greatest common factor of 32 and 3888?
16
Calculate the highest common divisor of 3 and 147.
3
What is the highest common factor of 3239 and 205?
41
Calculate the highest common divisor of 231 and 33.
33
Calculate the highest common factor of 1680 and 126.
42
What is the greatest common divisor of 47 and 1363?
47
What is the highest common divisor of 3 and 1569?
3
Calculate the greatest common divisor of 12 and 318.
6
What is the greatest common factor of 8 and 2168?
8
Calculate the greatest common factor of 39276 and 36.
36
What is the highest common factor of 258 and 24?
6
What is the greatest common factor of 63 and 17451?
63
What is the greatest common factor of 324 and 900?
36
What is the greatest common factor of 49425 and 15?
15
What is the greatest common factor of 382 and 2?
2
Calculate the highest common divisor of 114 and 152.
38
What is the highest common factor of 50 and 25?
25
What is the greatest common divisor of 8 and 664?
8
What is the greatest common factor of 2075 and 83?
83
Calculate the highest common divisor of 187 and 153.
17
What is the greatest common divisor of 280 and 350?
70
Calculate the highest common factor of 5633 and 43.
43
Calculate the highest common factor of 285 and 114.
57
Calculate the highest common divisor of 12 and 1032.
12
What is the highest common factor of 54 and 334?
2
What is the greatest common factor of 57 and 8493?
57
What is the highest common divisor of 66 and 814?
22
Calculate the highest common factor of 3349 and 17.
17
What is the highest common factor of 280 and 12?
4
Calculate the greatest common divisor of 117 and 1287.
117
What is the highest common divisor of 645 and 45?
15
What is the greatest common factor of 2235 and 45?
15
Calculate the greatest common divisor of 34 and 3638.
34
Calculate the highest common divisor of 2327 and 895.
179
Calculate the greatest common divisor of 16 and 1304.
8
What is the greatest common divisor of 999 and 81?
27
Calculate the greatest common divisor of 3024 and 14.
14
Calculate the greatest common factor of 52 and 1118.
26
What i